 4*h - 12, 0 = -5*w + 5. Give t(h).
4
Suppose -3*g + 138 = -6*g. Let o = g + 48. Let b(y) = -o*y + 6 + y + 2*y + 0*y. Give b(-4).
2
Let q be 32/24*(-25)/75*(-18)/(-4). Let x(l) = 2 - 5*l**2 - 1 - 3*l - 3. Give x(q).
-16
Let r be ((-1)/(-3) + -1)*-6. Let t(x) be the third derivative of x**5/60 - x**4/4 + x**3 - 4606*x**2 + 1. What is t(r)?
-2
Let p(a) = -a - a**2 + 0 + 4 - 11*a. Let r(j) = j**2 + 13*j - 3. Let w(m) = -6*p(m) - 5*r(m). Give w(-8).
-1
Suppose 2*f - 35 = -3*f. Let m(c) = 8 - 44782811*c**2 + c**3 + 7*c - 2*c + 44782803*c**2. Calculate m(f).
-6
Suppose -q - 4*o + 1658 = 0, -2*q = 2*q - o - 6666. Let r(c) = -c + 3*c + 5 + q*c**2 - 1674*c**2 - 7. What is r(1)?
-8
Let s(y) be the third derivative of -y**5/60 + 5*y**4/6 + 11*y**3/6 + 68*y**2 - 4*y. Determine s(20).
11
Let a(c) be the first derivative of -c**2 - 5/3*c**3 + 22 + c. Calculate a(2).
-23
Let o(b) = 4*b**2 - 8*b + 4. Let m(a) = -33*a + 629. Let g be m(19). What is o(g)?
4
Let l(u) be the third derivative of -u**6/120 - 2*u**5/15 - 5*u**4/12 + u**3/2 - 2*u**2 - 294*u. Calculate l(-7).
24
Let t(y) be the first derivative of -2*y**4 + y**3/3 - 1. Suppose 3*q + 5*o - 2 = 6*o, -9 = -4*q - 5*o. Suppose -721*l + q = -720*l. What is t(l)?
-7
Let o(p) = 3 + p**2 + 5 + 0 + 3 - 9*p. Let j be o(6). Let i(a) be the first derivative of a**4/4 + 8*a**3/3 + 5*a**2/2 - 7*a + 14. What is i(j)?
7
Suppose 3*m = -141 + 120, -3*m + 31 = -4*n. Let w(z) = 3*z - 2. Calculate w(n).
-41
Let x(l) = l**2 + l + 4. Let s(m) = -m - 2. Let d = 5 + -27. Let p = -21 - d. Let c be s(p). Calculate x(c).
10
Let s = 2680 + -2677. Let c(g) be the second derivative of -1/2*g**4 + 0 + 8*g - 9/2*g**2 - 5/6*g**s + 1/20*g**5. What is c(7)?
5
Let x(j) = -j**2 + 3*j + 4. Suppose 0*t = 5*t - 50. Let b be 405/18*8/t. Suppose -b = -3*v - 6. Determine x(v).
0
Let s(w) = 2*w + 2. Let x(o) = 13*o - 4. Let y(n) = -35*n + 13. Let u(i) = 17*x(i) + 6*y(i). Let g(a) = 2*s(a) - u(a). Determine g(-2).
8
Suppose 11*s + 14*s = 150. Let r(p) = -21*p - 19*p + 38*p - p**2 + s. Calculate r(-7).
-29
Let f be -2*10/(-180) - (-1 + (-52)/18). Let u(n) = n**3 - 4*n**2 + 10*n - 1. What is u(f)?
39
Let a = -10007 + 10001. Let y(t) = 2*t**3 + 11*t**2 - 2*t + 14. What is y(a)?
-10
Suppose -4*l - 3*w - 6 = 0, w + 3 = 2*l + 1. Suppose f = l, -t = 2*f + 1 + 6. Let i(z) = z**3 + 8*z**2 + 5*z - 1. Calculate i(t).
13
Suppose -66*b + 1055 - 197 = 0. Let l(x) = -x**2 + 10*x + 14. Let n(p) = -2*p**2 + 21*p + 28. Let g(d) = b*l(d) - 6*n(d). Determine g(6).
2
Let z = -9021 - -9021. Let q(t) = -6*t + 7. Determine q(z).
7
Let f(c) be the third derivative of -1/60*c**6 - 1/2*c**3 + 0 + 0*c - 243*c**2 - 1/20*c**5 - 1/24*c**4. Calculate f(-3).
27
Let p(m) = -11*m - 105. Let u = -264 - -254. Let y be p(u). Let q(n) be the first derivative of -n**4/4 + 4*n**3/3 + 7*n**2/2 - 6*n + 1. What is q(y)?
4
Suppose -8374*k + 8384*k - 10 = 0. Let n(t) = 33*t + 2. Determine n(k).
35
Let b(z) be the first derivative of z**3/3 + 9*z + 624. Let p be 2/(-3)*(-18)/2. Let k be 2/p - 4/12. Calculate b(k).
9
Let b(q) = -35*q + 58. Suppose 210*p = 141*p + 92 + 46. Determine b(p).
-12
Let u be (20/6)/((-88)/(-72) + -1). Let t(r) = -10 + 35*r + 3 - 17*r - u*r. What is t(2)?
-1
Let f(n) = -n**2 - n. Let c(z) = -z + 4. Let t(m) = c(m) + f(m). Suppose 13897*a = 13875*a - 66. Determine t(a).
1
Let h(u) = 4*u - 213. Let b be h(52). Let i(t) = -t**3 - 6*t**2 - 13*t - 4. What is i(b)?
36
Let w(j) = -j**3 - 5*j**2 - 3*j + 1. Let d = 14 - 11. Suppose 4*u - 1 = f + 6, 3*u = 9. Suppose d*g + 4 + f = 0. Give w(g).
-8
Let x be (12/8)/(4/8). Let m(b) = -5707*b + 0*b**2 + b**2 + 5701*b. Give m(x).
-9
Suppose 3*p - 8 = -s, 2*s - 15 = -3*p - 2. Let y(w) = -w**3 + 5*w**2 + 3*w + 14. Calculate y(s).
29
Let j(t) = -2*t. Let x(z) = -z**2 + 9*z + 10. Let o(c) = 2*c**2 - 17*c - 2. Let w be o(9). Let b be x(w). Suppose 27*f = 23*f + b. What is j(f)?
-12
Let y(u) = -u**3 - 11*u**2 - 3*u - 17. Let w be y(-11). Suppose -4*m + 5*i + w = -m, 4*i = -2*m - 4. Let f(t) = 5*t**2 - 4*t + 2. Give f(m).
14
Let l(o) = -3*o**2 - o + 52. Let s(a) = -5*a**2 - 2*a + 106. Let q(c) = 7*l(c) - 4*s(c). Calculate q(0).
-60
Let w(s) = 10*s - 4. Let t be 2/6 + (-1736)/168. Let j be (t - -8)/((-2)/4). Calculate w(j).
36
Let n be ((-1)/3)/((-3)/27). Let p(x) = -3*x + 3*x - n - 2*x. Let d(s) = s**2 - 39*s + 365. Let t be d(15). Determine p(t).
-13
Let v(g) = -2*g**2 - 6 + 0 + g**3 - 3*g**2. Let p be (-2)/(2478/(-822) - 2 - -5). Suppose p - 222 = -17*c. Determine v(c).
-6
Let a(l) = 2*l**3 + 7*l**2 - 9*l - 4. Let g(y) = -22*y + 326. Let w be g(15). Determine a(w).
16
Let h(g) = -55 + 148*g - 118*g + 54. Determine h(1).
29
Let z(l) = l**3 + l**2 + l + 1. Let v(p) be the first derivative of -p**3/3 - p**2/2 - 2*p + 24. Let y(u) = v(u) + z(u). Calculate y(0).
-1
Let u(g) = g**3 + 7*g**2 + g + 1. Suppose 27 = 6*a - 5*a. Suppose -y + 3*m = -a, -3*m - 88 = -4*y - m. Let x = 14 - y. What is u(x)?
-6
Suppose -289*m + 14 = -293*m + u, 3*m - 5*u = -2. Let c(o) = 6*o**2 + 3*o - 1. Let i(g) = -g**2 - 1. Let z(p) = c(p) + 4*i(p). What is z(m)?
15
Let h(m) be the third derivative of -m**4/12 + m**3/6 + 174*m**2. Suppose 5*y - 156 = -176. Determine h(y).
9
Let d(a) be the third derivative of -a**5/60 - 5*a**4/12 + 5*a**3/2 + 1199*a**2. Give d(-11).
4
Let t(w) be the second derivative of 0 - 7/12*w**4 + 1/20*w**5 + 7/6*w**3 + 226*w + 3*w**2. Calculate t(6).
12
Suppose 2*k - 12 + 6 + 12 = 0. Let p(s) = s**2 + 2*s - 19. Give p(k).
-16
Let k(d) = -4*d - 30. Let q(t) = -2*t**3 - 15*t**2 - 9*t - 20. Let l be q(-7). Calculate k(l).
-6
Let v(k) = -1945*k**2 + 5*k**3 - 81 + 1940*k**2 - 4*k**3 + 78 + 2*k. Calculate v(2).
-11
Let z = 407 + -382. Suppose -31*f + 35*f + 5*p = z, 10 = 2*p. Let i(l) = -l**2 - 3*l - 2. Let n(a) = -a. Let j(s) = i(s) - 2*n(s). Give j(f).
-2
Let l(w) = w**2 + 91*w - 592. Let x be l(6). Let j(q) = 4*q + 20. Calculate j(x).
-20
Let a(u) = -2*u**2 - 3*u + 6. Suppose 2*m = -9*m + 77, -3 = 5*s + m. Calculate a(s).
4
Let g(x) = 45*x - 269. Let l be g(6). Let f(k) be the third derivative of 7*k**4/24 + k**3/6 - 2*k**2 - 43*k. Give f(l).
8
Let i(g) = -g**2 + 14*g - 1. Suppose -11*x + 8*x - 3*l = -33, -4*x - 2*l = -40. Suppose -q - p + x = 3*p, -4*q + 2*p = -54. Give i(q).
12
Let r(u) be the second derivative of -u**4/24 - u**3 - 27*u**2/2 - 31*u. Let t(b) be the first derivative of r(b). Let a = -14 + 8. Determine t(a).
0
Suppose -4*c - 26 = -5*b, 3*b + c - 6 + 4 = 0. Let i(o) = o**3 + 5*o**2 + o**b + 4*o**2 + 3 - 3*o**2 - 9*o**2 + 2*o. What is i(3)?
18
Let b = -25962 - -25962. Let q(f) be the first derivative of f**2/2 + 8*f - 1. Determine q(b).
8
Let v(i) be the second derivative of i**4/12 - 2*i**3/3 + 7*i**2/2 + 3*i. Suppose 12 = -6*a - 0. Let h(n) = 13*n + 32. Let x be h(a). Determine v(x).
19
Let u(y) = 93*y + 239. Let q(w) = 121*w + 319. Let a(j) = -10*q(j) + 13*u(j). Calculate a(-18).
-65
Suppose 3*o - u = u + 30, 4*o = u + 40. Let a be 1*(158/o + (-1)/(-5)). Let f = a - 14. Let v(z) = -2*z**2 + 2*z + 2. Give v(f).
-2
Let f(d) be the third derivative of d**4/6 + 80*d**3/3 + 15*d**2 - 5. Give f(-38).
8
Let b(m) = 3*m**3 - 42*m**2 + 13*m - 26. Let j(w) = -5*w**3 + 66*w**2 - 19*w + 40. Let l(c) = -8*b(c) - 5*j(c). Calculate l(-7).
22
Suppose -1 = 4*z + 11. Let i(m) be the third derivative of -1/4*m**4 + 0 + 0*m + 396*m**2 - 2/3*m**3. Determine i(z).
14
Let y(d) = 2*d**3 - 3*d**2 + 6*d + 3. Let b(v) = 3*v**3 - 7*v**2 + 12*v + 6. Let p(z) = -3*b(z) + 5*y(z). Suppose 17*c = -5*c - 154. Determine p(c).
-10
Let s(v) = -v**3 + 11*v**2 + 12*v - 5. Let b be s(12). Let u(d) be the second derivative of d**5/20 + 5*d**4/12 + d**3 - d**2/2 + 692*d. Give u(b).
-31
Let h = -83 + 80. Let a be (2*h)/((-6)/12). Suppose -a = -y - 4*p, 0*y = -5*y + 5*p + 10. Let g(v) = -v**3 + 3*v**2 + 2*v + 3. Determine g(y).
-5
Let w(t) = -t**3 - 4*t**2 + 2*t - 5. Let u be 2/((-6)/(-81)) - 0. Suppose 15 = 24*p - u*p. Give w(p).
10
Let b be -2*2*23/4. Let w = b + 19. Let a(l) = 5*l + 6. Determine a(w).
-14
Let q(z) = 38 + 5369*z - 147 + 5368*z - 10731*z. Give q(19).
5
Let d = -103 + 99. Let q be ((-3)/d)/((-30)/8 - -4). Let g(n) = 2*n**2 - 3*n - 4. What is g(q)?
5
Let n(z) = 6*z - 32. Let s = 36580 + -36587. Give n(s).
-74
Let w(i) = -9*i. Let s = 40 - 20. Suppose 75 = -